{"id":89,"date":"2024-06-14T10:30:07","date_gmt":"2024-06-14T10:30:07","guid":{"rendered":"https:\/\/encore.mruni.eu\/?page_id=89"},"modified":"2024-06-14T10:31:24","modified_gmt":"2024-06-14T10:31:24","slug":"we-speak","status":"publish","type":"page","link":"https:\/\/encore.mruni.eu\/?page_id=89","title":{"rendered":"We Speak"},"content":{"rendered":"\n<ul class=\"wp-block-list\">\n<li>LRT &#8220;Penki kilometrai&#8221;, Title &#8211; &#8220;Aplinkos psicholog\u0117 apie asmenines ekologinio nerimo patirtis&#8221; Titlhttps:\/\/<a href=\"http:\/\/www.lrt.lt\/mediateka\/irasas\/2000268023\/penki-kilometrai-aplinkos-psichologe-apie-asmenines-ekologinio-nerimo-patirtis-su-automobiliu-turiu-ne-koki-santyki-kiekviena-karta-i-ji-sesdama-jauciuosi-blogai?fbclid=IwAR1hlySittYZr2B6IZJyet6EsEiR5_WZ0GnRWlZcVumbCM17smBOyTwD9tg\" target=\"_blank\" rel=\"noreferrer noopener\">www.lrt.lt\/mediateka\/irasas\/2000268023\/penki-kilometrai-aplinkos-psichologe-apie-asmenines-ekologinio-nerimo-patirtis-su-automobiliu-turiu-ne-koki-santyki-kiekviena-karta-i-ji-sesdama-jauciuosi-blogai?fbclid=IwAR1hlySittYZr2B6IZJyet6EsEiR5_WZ0GnRWlZcVumbCM17smBOyTwD9tg<\/a>&nbsp;<\/li>\n\n\n\n<li>15min, Title &#8211; &#8220;Klimato kriz\u0117 daro \u012ftak\u0105 ne tik aplinkai, bet ir emocinei sveikatai&#8221;&nbsp;&nbsp;<a href=\"https:\/\/www.15min.lt\/verslas\/naujiena\/mokslas-it\/as-bijau-tureti-vaiku-klimato-krize-daro-itaka-ne-tik-aplinkai-bet-ir-emocinei-sveikatai-1290-2029300?utm_source=Facebook&amp;utm_medium=social\" target=\"_blank\" rel=\"noreferrer noopener\">https:\/\/www.15min.lt\/verslas\/naujiena\/mokslas-it\/as-bijau-tureti-vaiku-klimato-krize-daro-itaka-ne-tik-aplinkai-bet-ir-emocinei-sveikatai-1290-2029300?utm_source=Facebook&amp;utm_medium=social<\/a>&nbsp;<\/li>\n\n\n\n<li>LRT &#8220;\u017dmogus ir miestas&#8221;, Title &#8211; &#8220;Dalyvavimas formuojant aplink\u0105 ir ekologinis nerimas&#8221;&nbsp;<a href=\"https:\/\/www.lrt.lt\/mediateka\/irasas\/2000145976\/homo-cultus-zmogus-ir-miestas-dalyvavimas-formuojant-aplinka-ir-ekologinis-nerimas\" target=\"_blank\" rel=\"noreferrer noopener\">https:\/\/www.lrt.lt\/mediateka\/irasas\/2000145976\/homo-cultus-zmogus-ir-miestas-dalyvavimas-formuojant-aplinka-ir-ekologinis-nerimas<\/a>&nbsp;<\/li>\n\n\n\n<li>15min Title &#8211; &#8221;&nbsp;Specialist\u0117s apie ekologin\u012f nerim\u0105&#8221;&nbsp;<a href=\"https:\/\/www.15min.lt\/gyvenimas\/naujiena\/namai\/specialistes-apie-ekologini-nerima-tai-yra-nauja-nerimo-rusis-kuria-ateityje-jaus-vis-daugiau-zmoniu-1034-1371756\" target=\"_blank\" rel=\"noreferrer noopener\">https:\/\/www.15min.lt\/gyvenimas\/naujiena\/namai\/specialistes-apie-ekologini-nerima-tai-yra-nauja-nerimo-rusis-kuria-ateityje-jaus-vis-daugiau-zmoniu-1034-1371756<\/a>&nbsp;<\/li>\n\n\n\n<li>LRT Title &#8211; &#8220;Psicholog\u0117 apie nauj\u0105 nerimo r\u016b\u0161\u012f&#8221;&nbsp;<a href=\"https:\/\/www.lrt.lt\/naujienos\/gyvenimas\/13\/1100115\/psichologe-apie-nauja-nerimo-rusi-depresija-ar-panikos-priepuolius-gali-sukelti-naujienos-apie-ekologine-krize\" target=\"_blank\" rel=\"noreferrer noopener\">https:\/\/www.lrt.lt\/naujienos\/gyvenimas\/13\/1100115\/psichologe-apie-nauja-nerimo-rusi-depresija-ar-panikos-priepuolius-gali-sukelti-naujienos-apie-ekologine-krize<\/a><\/li>\n<\/ul>\n","protected":false},"excerpt":{"rendered":"","protected":false},"author":2,"featured_media":0,"parent":0,"menu_order":0,"comment_status":"closed","ping_status":"closed","template":"","meta":{"footnotes":""},"class_list":["post-89","page","type-page","status-publish","hentry"],"_links":{"self":[{"href":"https:\/\/encore.mruni.eu\/index.php?rest_route=\/wp\/v2\/pages\/89","targetHints":{"allow":["GET"]}}],"collection":[{"href":"https:\/\/encore.mruni.eu\/index.php?rest_route=\/wp\/v2\/pages"}],"about":[{"href":"https:\/\/encore.mruni.eu\/index.php?rest_route=\/wp\/v2\/types\/page"}],"author":[{"embeddable":true,"href":"https:\/\/encore.mruni.eu\/index.php?rest_route=\/wp\/v2\/users\/2"}],"replies":[{"embeddable":true,"href":"https:\/\/encore.mruni.eu\/index.php?rest_route=%2Fwp%2Fv2%2Fcomments&post=89"}],"version-history":[{"count":1,"href":"https:\/\/encore.mruni.eu\/index.php?rest_route=\/wp\/v2\/pages\/89\/revisions"}],"predecessor-version":[{"id":91,"href":"https:\/\/encore.mruni.eu\/index.php?rest_route=\/wp\/v2\/pages\/89\/revisions\/91"}],"wp:attachment":[{"href":"https:\/\/encore.mruni.eu\/index.php?rest_route=%2Fwp%2Fv2%2Fmedia&parent=89"}],"curies":[{"name":"wp","href":"https:\/\/api.w.org\/{rel}","templated":true}]}}